{"id":25427,"date":"2025-05-16T16:23:21","date_gmt":"2025-05-16T20:23:21","guid":{"rendered":"https:\/\/www.talca.cl\/?page_id=25427"},"modified":"2025-05-16T16:23:21","modified_gmt":"2025-05-16T20:23:21","slug":"llamado-a-propuesta-publica-adquisicion-de-inmueble-destinado-a-la-construccion-de-un-centro-de-salud-familiar","status":"publish","type":"page","link":"https:\/\/www.talca.cl\/?page_id=25427","title":{"rendered":"Llamado a propuesta p\u00fablica adquisici\u00f3n de inmueble destinado a la construcci\u00f3n de un Centro de Salud Familiar"},"content":{"rendered":"\n<p><strong>Decreto Alcaldicio N\u00b003495 del 13 de mayo del 2025<\/strong><\/p>\n\n\n\n<p><\/p>\n\n\n\n<div data-wp-interactive=\"core\/file\" class=\"wp-block-file\"><object data-wp-bind--hidden=\"!state.hasPdfPreview\" hidden class=\"wp-block-file__embed\" data=\"https:\/\/www.talca.cl\/wp-content\/uploads\/2025\/05\/Decreto-Alcaldicio-N\u00b003495-del-13-de-mayo-del-2025.pdf\" type=\"application\/pdf\" style=\"width:100%;height:600px\" aria-label=\"Embed of Incrustado de Decreto-Alcaldicio-N\u00b003495-del-13-de-mayo-del-2025..\"><\/object><a id=\"wp-block-file--media-9bd5b661-683e-4928-8576-3bd682f64df2\" href=\"https:\/\/www.talca.cl\/wp-content\/uploads\/2025\/05\/Decreto-Alcaldicio-N\u00b003495-del-13-de-mayo-del-2025.pdf\">Decreto-Alcaldicio-N\u00b003495-del-13-de-mayo-del-2025<\/a><a href=\"https:\/\/www.talca.cl\/wp-content\/uploads\/2025\/05\/Decreto-Alcaldicio-N\u00b003495-del-13-de-mayo-del-2025.pdf\" class=\"wp-block-file__button\" download aria-describedby=\"wp-block-file--media-9bd5b661-683e-4928-8576-3bd682f64df2\">Descarga<\/a><\/div>\n\n\n\n<div style=\"height:44px\" aria-hidden=\"true\" class=\"wp-block-spacer\"><\/div>\n\n\n\n<p><strong>TDR VALIDACION TERRENOS<\/strong><\/p>\n\n\n\n<div data-wp-interactive=\"core\/file\" class=\"wp-block-file\"><object data-wp-bind--hidden=\"!state.hasPdfPreview\" hidden class=\"wp-block-file__embed\" data=\"https:\/\/www.talca.cl\/wp-content\/uploads\/2025\/05\/TDR-VALIDACION-TERRENOS.pdf\" type=\"application\/pdf\" style=\"width:100%;height:600px\" aria-label=\"Embed of Incrustado de TDR-VALIDACION-TERRENOS..\"><\/object><a id=\"wp-block-file--media-cf370719-67da-4ac9-b3b9-72bb797a0b41\" href=\"https:\/\/www.talca.cl\/wp-content\/uploads\/2025\/05\/TDR-VALIDACION-TERRENOS.pdf\">TDR-VALIDACION-TERRENOS<\/a><a href=\"https:\/\/www.talca.cl\/wp-content\/uploads\/2025\/05\/TDR-VALIDACION-TERRENOS.pdf\" class=\"wp-block-file__button\" download aria-describedby=\"wp-block-file--media-cf370719-67da-4ac9-b3b9-72bb797a0b41\">Descarga<\/a><\/div>\n\n\n\n<div style=\"height:44px\" aria-hidden=\"true\" class=\"wp-block-spacer\"><\/div>\n\n\n\n<p><strong>Extracto<\/strong><\/p>\n\n\n\n<div data-wp-interactive=\"core\/file\" class=\"wp-block-file\"><object data-wp-bind--hidden=\"!state.hasPdfPreview\" hidden class=\"wp-block-file__embed\" data=\"https:\/\/www.talca.cl\/wp-content\/uploads\/2025\/05\/Extracto.pdf\" type=\"application\/pdf\" style=\"width:100%;height:600px\" aria-label=\"Embed of Incrustado de Extracto..\"><\/object><a id=\"wp-block-file--media-e4f1a798-64ee-4fcb-968f-0aa0e0239e5a\" href=\"https:\/\/www.talca.cl\/wp-content\/uploads\/2025\/05\/Extracto.pdf\">Extracto<\/a><a href=\"https:\/\/www.talca.cl\/wp-content\/uploads\/2025\/05\/Extracto.pdf\" class=\"wp-block-file__button\" download aria-describedby=\"wp-block-file--media-e4f1a798-64ee-4fcb-968f-0aa0e0239e5a\">Descarga<\/a><\/div>\n\n\n\n<div style=\"height:44px\" aria-hidden=\"true\" class=\"wp-block-spacer\"><\/div>\n\n\n\n<p><strong>ANEXOS ADMINISTRATIVOS<\/strong><\/p>\n\n\n\n<div data-wp-interactive=\"core\/file\" class=\"wp-block-file\"><object data-wp-bind--hidden=\"!state.hasPdfPreview\" hidden class=\"wp-block-file__embed\" data=\"https:\/\/www.talca.cl\/wp-content\/uploads\/2025\/05\/ANEXOS-ADMINISTRATIVOS.pdf\" type=\"application\/pdf\" style=\"width:100%;height:600px\" aria-label=\"Embed of Incrustado de ANEXOS-ADMINISTRATIVOS..\"><\/object><a id=\"wp-block-file--media-d3f9b7d7-87f5-4f96-b6d7-97468a545994\" href=\"https:\/\/www.talca.cl\/wp-content\/uploads\/2025\/05\/ANEXOS-ADMINISTRATIVOS.pdf\">ANEXOS-ADMINISTRATIVOS<\/a><a href=\"https:\/\/www.talca.cl\/wp-content\/uploads\/2025\/05\/ANEXOS-ADMINISTRATIVOS.pdf\" class=\"wp-block-file__button\" download aria-describedby=\"wp-block-file--media-d3f9b7d7-87f5-4f96-b6d7-97468a545994\">Descarga<\/a><\/div>\n\n\n\n<p><\/p>\n","protected":false},"excerpt":{"rendered":"<p>Decreto Alcaldicio N\u00b003495 del 13 de mayo del 2025 TDR VALIDACION TERRENOS Extracto ANEXOS ADMINISTRATIVOS<\/p>\n","protected":false},"author":1,"featured_media":0,"parent":0,"menu_order":0,"comment_status":"closed","ping_status":"closed","template":"","meta":{"footnotes":""},"class_list":["post-25427","page","type-page","status-publish"],"yoast_head":"<!-- This site is optimized with the Yoast SEO plugin v27.3 - https:\/\/yoast.com\/product\/yoast-seo-wordpress\/ -->\n<title>Ilustre Municipalidad de Talca<\/title>\n<meta name=\"robots\" content=\"index, follow, max-snippet:-1, max-image-preview:large, max-video-preview:-1\" \/>\n<link rel=\"canonical\" href=\"https:\/\/www.talca.cl\/?page_id=25427\" \/>\n<meta property=\"og:locale\" content=\"es_ES\" \/>\n<meta property=\"og:type\" content=\"article\" \/>\n<meta property=\"og:title\" content=\"Ilustre Municipalidad de Talca\" \/>\n<meta property=\"og:description\" content=\"Decreto Alcaldicio N\u00b003495 del 13 de mayo del 2025 TDR VALIDACION TERRENOS Extracto ANEXOS ADMINISTRATIVOS\" \/>\n<meta property=\"og:url\" content=\"https:\/\/www.talca.cl\/?page_id=25427\" \/>\n<meta property=\"og:site_name\" content=\"Ilustre Municipalidad de Talca\" \/>\n<meta name=\"twitter:card\" content=\"summary_large_image\" \/>\n<meta name=\"twitter:label1\" content=\"Est. reading time\" \/>\n\t<meta name=\"twitter:data1\" content=\"1 minuto\" \/>\n<script type=\"application\/ld+json\" class=\"yoast-schema-graph\">{\"@context\":\"https:\\\/\\\/schema.org\",\"@graph\":[{\"@type\":\"WebPage\",\"@id\":\"https:\\\/\\\/www.talca.cl\\\/?page_id=25427\",\"url\":\"https:\\\/\\\/www.talca.cl\\\/?page_id=25427\",\"name\":\"Ilustre Municipalidad de Talca\",\"isPartOf\":{\"@id\":\"https:\\\/\\\/www.talca.cl\\\/#website\"},\"datePublished\":\"2025-05-16T20:23:21+00:00\",\"breadcrumb\":{\"@id\":\"https:\\\/\\\/www.talca.cl\\\/?page_id=25427#breadcrumb\"},\"inLanguage\":\"es\",\"potentialAction\":[{\"@type\":\"ReadAction\",\"target\":[\"https:\\\/\\\/www.talca.cl\\\/?page_id=25427\"]}]},{\"@type\":\"BreadcrumbList\",\"@id\":\"https:\\\/\\\/www.talca.cl\\\/?page_id=25427#breadcrumb\",\"itemListElement\":[{\"@type\":\"ListItem\",\"position\":1,\"name\":\"Home\",\"item\":\"https:\\\/\\\/www.talca.cl\\\/\"},{\"@type\":\"ListItem\",\"position\":2,\"name\":\"Llamado a propuesta p\u00fablica adquisici\u00f3n de inmueble destinado a la construcci\u00f3n de un Centro de Salud Familiar\"}]},{\"@type\":\"WebSite\",\"@id\":\"https:\\\/\\\/www.talca.cl\\\/#website\",\"url\":\"https:\\\/\\\/www.talca.cl\\\/\",\"name\":\"Ilustre Municipalidad de Talca\",\"description\":\"Ilustre Municipalidad de Talca, Talca, Municipalidad, 7\u00aa regi\u00f3n,  septima region, juan carlos diaz, jcd, avenda\u00f1o, piduco, maule,  talca chile\",\"potentialAction\":[{\"@type\":\"SearchAction\",\"target\":{\"@type\":\"EntryPoint\",\"urlTemplate\":\"https:\\\/\\\/www.talca.cl\\\/?s={search_term_string}\"},\"query-input\":{\"@type\":\"PropertyValueSpecification\",\"valueRequired\":true,\"valueName\":\"search_term_string\"}}],\"inLanguage\":\"es\"}]}<\/script>\n<!-- \/ Yoast SEO plugin. -->","yoast_head_json":{"title":"Ilustre Municipalidad de Talca","robots":{"index":"index","follow":"follow","max-snippet":"max-snippet:-1","max-image-preview":"max-image-preview:large","max-video-preview":"max-video-preview:-1"},"canonical":"https:\/\/www.talca.cl\/?page_id=25427","og_locale":"es_ES","og_type":"article","og_title":"Ilustre Municipalidad de Talca","og_description":"Decreto Alcaldicio N\u00b003495 del 13 de mayo del 2025 TDR VALIDACION TERRENOS Extracto ANEXOS ADMINISTRATIVOS","og_url":"https:\/\/www.talca.cl\/?page_id=25427","og_site_name":"Ilustre Municipalidad de Talca","twitter_card":"summary_large_image","twitter_misc":{"Est. reading time":"1 minuto"},"schema":{"@context":"https:\/\/schema.org","@graph":[{"@type":"WebPage","@id":"https:\/\/www.talca.cl\/?page_id=25427","url":"https:\/\/www.talca.cl\/?page_id=25427","name":"Ilustre Municipalidad de Talca","isPartOf":{"@id":"https:\/\/www.talca.cl\/#website"},"datePublished":"2025-05-16T20:23:21+00:00","breadcrumb":{"@id":"https:\/\/www.talca.cl\/?page_id=25427#breadcrumb"},"inLanguage":"es","potentialAction":[{"@type":"ReadAction","target":["https:\/\/www.talca.cl\/?page_id=25427"]}]},{"@type":"BreadcrumbList","@id":"https:\/\/www.talca.cl\/?page_id=25427#breadcrumb","itemListElement":[{"@type":"ListItem","position":1,"name":"Home","item":"https:\/\/www.talca.cl\/"},{"@type":"ListItem","position":2,"name":"Llamado a propuesta p\u00fablica adquisici\u00f3n de inmueble destinado a la construcci\u00f3n de un Centro de Salud Familiar"}]},{"@type":"WebSite","@id":"https:\/\/www.talca.cl\/#website","url":"https:\/\/www.talca.cl\/","name":"Ilustre Municipalidad de Talca","description":"Ilustre Municipalidad de Talca, Talca, Municipalidad, 7\u00aa regi\u00f3n,  septima region, juan carlos diaz, jcd, avenda\u00f1o, piduco, maule,  talca chile","potentialAction":[{"@type":"SearchAction","target":{"@type":"EntryPoint","urlTemplate":"https:\/\/www.talca.cl\/?s={search_term_string}"},"query-input":{"@type":"PropertyValueSpecification","valueRequired":true,"valueName":"search_term_string"}}],"inLanguage":"es"}]}},"_links":{"self":[{"href":"https:\/\/www.talca.cl\/index.php?rest_route=\/wp\/v2\/pages\/25427","targetHints":{"allow":["GET"]}}],"collection":[{"href":"https:\/\/www.talca.cl\/index.php?rest_route=\/wp\/v2\/pages"}],"about":[{"href":"https:\/\/www.talca.cl\/index.php?rest_route=\/wp\/v2\/types\/page"}],"author":[{"embeddable":true,"href":"https:\/\/www.talca.cl\/index.php?rest_route=\/wp\/v2\/users\/1"}],"replies":[{"embeddable":true,"href":"https:\/\/www.talca.cl\/index.php?rest_route=%2Fwp%2Fv2%2Fcomments&post=25427"}],"version-history":[{"count":1,"href":"https:\/\/www.talca.cl\/index.php?rest_route=\/wp\/v2\/pages\/25427\/revisions"}],"predecessor-version":[{"id":25432,"href":"https:\/\/www.talca.cl\/index.php?rest_route=\/wp\/v2\/pages\/25427\/revisions\/25432"}],"wp:attachment":[{"href":"https:\/\/www.talca.cl\/index.php?rest_route=%2Fwp%2Fv2%2Fmedia&parent=25427"}],"curies":[{"name":"wp","href":"https:\/\/api.w.org\/{rel}","templated":true}]}}