{"id":269,"date":"2016-06-19T12:41:39","date_gmt":"2016-06-19T16:41:39","guid":{"rendered":"http:\/\/www.talca.cl\/?page_id=269"},"modified":"2024-06-17T12:02:29","modified_gmt":"2024-06-17T16:02:29","slug":"juzgado-de-policia-local","status":"publish","type":"page","link":"https:\/\/www.talca.cl\/?page_id=269","title":{"rendered":"Juzgado de Polic\u00eda Local"},"content":{"rendered":"\n<!DOCTYPE html>\n<html lang=\"en\">\n<head>\n  <link rel=\"stylesheet\" href=\"https:\/\/maxcdn.bootstrapcdn.com\/bootstrap\/3.4.1\/css\/bootstrap.min.css\">\n  <script src=\"https:\/\/ajax.googleapis.com\/ajax\/libs\/jquery\/3.5.1\/jquery.min.js\"><\/script>\n  <script src=\"https:\/\/maxcdn.bootstrapcdn.com\/bootstrap\/3.4.1\/js\/bootstrap.min.js\"><\/script>\n<style>\n\/* nav *\/\n.nav {\n\tposition: relative;\n\tmargin: 20px 0;\n}\n.nav ul {\n\tmargin: 0;\n\tpadding: 0;\n}\n.nav li {\n\tmargin: 0 5px 10px 0;\n\tpadding: 0;\n\tlist-style: none;\n\tdisplay: inline-block;;\n}\n.nav a {\n\tpadding: 3px 12px;\n\ttext-decoration: none;\n\tcolor: #000;\n\tline-height: 100%;\n        font-size: 11.8px;\n        font-weight: bold;\n}\n.nav a:hover {\n\tcolor: #FF0042;\n}\n.nav .current a {\n\tbackground: #FF0042;\n\tcolor: #fff;\n\tborder-radius: 5px;\n}\n<\/style>\n<\/head>\n<body>\n<nav class=\"navbar nav\">\n  <div class=\"container-fluid\">\n    <ul class=\"nav navbar-nav\" style=\"font-size:11.8px;\">\n      <li class=\"active\" style=\"background-color: #F41E3C;\"><a href=\"https:\/\/www.talca.cl\/?page_id=269\">GENERAL<\/a><\/li>\n      <li><a href=\"https:\/\/www.talca.cl\/?page_id=12824\">1\u00ba JPL<\/a><\/li>\n      <li><a href=\"https:\/\/www.talca.cl\/?page_id=23218\">2\u00ba JPL<\/a><\/li>\n      <li><a href=\"https:\/\/www.talca.cl\/?page_id=23247\">3\u00ba JPL<\/a><\/li>\n      <li><a href=\"https:\/\/www.talca.cl\/?page_id=19159\">NOTIFICACIONES JPL<\/a><\/li>\n    <\/ul>\n  <\/div>\n<\/nav>\n<hr style=\"border-color: #FF0042;\"><br\n  \n<\/body>\n<\/html>\n\n\n<p>El objetivo de los Juzgados de Polic\u00eda Local es conocer, tramitar y resolver aquellas causas cuyo conocimiento por Ley son de su competencia, tiene car\u00e1cter vecinal y ejercen su jurisdicci\u00f3n dentro del territorio comunal.<\/p>\n<p><strong>Dentro de las atribuciones de los respectivos Juzgados de Polic\u00eda Local se encuentran:<\/strong><\/p>\n<ul>\n<li>Infracciones a la Ley 18.290 (de Tr\u00e1nsito).<\/li>\n<li>Infracciones a la Ley General de Urbanismo y Construcci\u00f3n y la ordenanza municipal DFL 458.<\/li>\n<li>Infracciones a la Ordenanzas Municipales.<\/li>\n<li>Infracciones a la Ley de Rentas Municipales.<\/li>\n<li>Infracciones a la Ley sobre Expendio y Consumo de Bebidas Alcoh\u00f3licas 19.925.<\/li>\n<li>Infracciones a la Ley 19.537 (Sobre Copropiedad Inmobiliaria).<\/li>\n<li>Infracciones a la Ley 19.496 (Establece Normas de Protecci\u00f3n de los Derechos de los Consumidores).<\/li>\n<li>Infracciones a la Ley 18.700 (Org\u00e1nica Constitucional sobre Votaciones Populares y Escrutinios).<\/li>\n<li>Infracciones a Ley 19.303 (Establece Obligaciones a Entidades que indica DS 1.772 sobre Seguridad de las Personas).<\/li>\n<li>Infracciones a la Ley 20.105 (del Tabaco).<\/li>\n<li>Entre otras.<\/li>\n<\/ul>\n\n\n<div class=\"wp-block-buttons is-layout-flex wp-block-buttons-is-layout-flex\"><\/div>\n\n\n\n<br><br>\n<h4><b>JURIDISCCI\u00d3N DE LOS JUZGADO DE POLIC\u00cdA LOCAL<\/b><\/h4>\n\n\n<div class=\"real3dflipbook\" id=\"0_69dc0d83eafb4\" style=\"position:absolute;\"><\/div>\n\n\n<div class=\"wp-block-buttons is-layout-flex wp-block-buttons-is-layout-flex\">\n<div class=\"wp-block-button\"><a class=\"wp-block-button__link\" href=\"https:\/\/www.talca.cl\/wp-content\/uploads\/2020\/07\/Jurisdiccion-Juzgados-policia-local.pdf\" target=\"_blank\" rel=\"noreferrer noopener\">DESCARGAR<\/a><\/div>\n<\/div>\n\n\n\n<div style=\"height:44px\" aria-hidden=\"true\" class=\"wp-block-spacer\"><\/div>\n\n\n\n<p><strong>Pago de infracciones en los Juzgados de Polic\u00eda Local de Talca<\/strong><\/p>\n\n\n\n<div data-wp-interactive=\"core\/file\" class=\"wp-block-file\"><object data-wp-bind--hidden=\"!state.hasPdfPreview\" hidden class=\"wp-block-file__embed\" data=\"https:\/\/www.talca.cl\/wp-content\/uploads\/2024\/06\/Juzgao-policia-local.pdf\" type=\"application\/pdf\" style=\"width:100%;height:444px\" aria-label=\"Embed of Incrustado de Juzgao-policia-local..\"><\/object><a id=\"wp-block-file--media-bb2fbdd6-c32e-4134-a525-c5c6743bee9c\" href=\"https:\/\/www.talca.cl\/wp-content\/uploads\/2024\/06\/Juzgao-policia-local.pdf\">Juzgao-policia-local<\/a><a href=\"https:\/\/www.talca.cl\/wp-content\/uploads\/2024\/06\/Juzgao-policia-local.pdf\" class=\"wp-block-file__button\" download aria-describedby=\"wp-block-file--media-bb2fbdd6-c32e-4134-a525-c5c6743bee9c\">Descarga<\/a><\/div>\n\n\n\n<p><\/p>\n","protected":false},"excerpt":{"rendered":"<p>GENERAL 1\u00ba JPL 2\u00ba JPL 3\u00ba JPL NOTIFICACIONES JPL<\/p>\n","protected":false},"author":1,"featured_media":0,"parent":0,"menu_order":7,"comment_status":"closed","ping_status":"open","template":"","meta":{"footnotes":""},"class_list":["post-269","page","type-page","status-publish"],"yoast_head":"<!-- This site is optimized with the Yoast SEO plugin v27.3 - https:\/\/yoast.com\/product\/yoast-seo-wordpress\/ -->\n<title>Ilustre Municipalidad de Talca<\/title>\n<meta name=\"robots\" content=\"index, follow, max-snippet:-1, max-image-preview:large, max-video-preview:-1\" \/>\n<link rel=\"canonical\" href=\"https:\/\/www.talca.cl\/?page_id=269\" \/>\n<meta property=\"og:locale\" content=\"es_ES\" \/>\n<meta property=\"og:type\" content=\"article\" \/>\n<meta property=\"og:title\" content=\"Ilustre Municipalidad de Talca\" \/>\n<meta property=\"og:description\" content=\"GENERAL 1\u00ba JPL 2\u00ba JPL 3\u00ba JPL NOTIFICACIONES JPL\" \/>\n<meta property=\"og:url\" content=\"https:\/\/www.talca.cl\/?page_id=269\" \/>\n<meta property=\"og:site_name\" content=\"Ilustre Municipalidad de Talca\" \/>\n<meta property=\"article:modified_time\" content=\"2024-06-17T16:02:29+00:00\" \/>\n<meta name=\"twitter:card\" content=\"summary_large_image\" \/>\n<meta name=\"twitter:label1\" content=\"Est. reading time\" \/>\n\t<meta name=\"twitter:data1\" content=\"2 minutos\" \/>\n<script type=\"application\/ld+json\" class=\"yoast-schema-graph\">{\"@context\":\"https:\\\/\\\/schema.org\",\"@graph\":[{\"@type\":\"WebPage\",\"@id\":\"https:\\\/\\\/www.talca.cl\\\/?page_id=269\",\"url\":\"https:\\\/\\\/www.talca.cl\\\/?page_id=269\",\"name\":\"Ilustre Municipalidad de Talca\",\"isPartOf\":{\"@id\":\"https:\\\/\\\/www.talca.cl\\\/#website\"},\"datePublished\":\"2016-06-19T16:41:39+00:00\",\"dateModified\":\"2024-06-17T16:02:29+00:00\",\"breadcrumb\":{\"@id\":\"https:\\\/\\\/www.talca.cl\\\/?page_id=269#breadcrumb\"},\"inLanguage\":\"es\",\"potentialAction\":[{\"@type\":\"ReadAction\",\"target\":[\"https:\\\/\\\/www.talca.cl\\\/?page_id=269\"]}]},{\"@type\":\"BreadcrumbList\",\"@id\":\"https:\\\/\\\/www.talca.cl\\\/?page_id=269#breadcrumb\",\"itemListElement\":[{\"@type\":\"ListItem\",\"position\":1,\"name\":\"Home\",\"item\":\"https:\\\/\\\/www.talca.cl\\\/\"},{\"@type\":\"ListItem\",\"position\":2,\"name\":\"Juzgado de Polic\u00eda Local\"}]},{\"@type\":\"WebSite\",\"@id\":\"https:\\\/\\\/www.talca.cl\\\/#website\",\"url\":\"https:\\\/\\\/www.talca.cl\\\/\",\"name\":\"Ilustre Municipalidad de Talca\",\"description\":\"Ilustre Municipalidad de Talca, Talca, Municipalidad, 7\u00aa regi\u00f3n,  septima region, juan carlos diaz, jcd, avenda\u00f1o, piduco, maule,  talca chile\",\"potentialAction\":[{\"@type\":\"SearchAction\",\"target\":{\"@type\":\"EntryPoint\",\"urlTemplate\":\"https:\\\/\\\/www.talca.cl\\\/?s={search_term_string}\"},\"query-input\":{\"@type\":\"PropertyValueSpecification\",\"valueRequired\":true,\"valueName\":\"search_term_string\"}}],\"inLanguage\":\"es\"}]}<\/script>\n<!-- \/ Yoast SEO plugin. -->","yoast_head_json":{"title":"Ilustre Municipalidad de Talca","robots":{"index":"index","follow":"follow","max-snippet":"max-snippet:-1","max-image-preview":"max-image-preview:large","max-video-preview":"max-video-preview:-1"},"canonical":"https:\/\/www.talca.cl\/?page_id=269","og_locale":"es_ES","og_type":"article","og_title":"Ilustre Municipalidad de Talca","og_description":"GENERAL 1\u00ba JPL 2\u00ba JPL 3\u00ba JPL NOTIFICACIONES JPL","og_url":"https:\/\/www.talca.cl\/?page_id=269","og_site_name":"Ilustre Municipalidad de Talca","article_modified_time":"2024-06-17T16:02:29+00:00","twitter_card":"summary_large_image","twitter_misc":{"Est. reading time":"2 minutos"},"schema":{"@context":"https:\/\/schema.org","@graph":[{"@type":"WebPage","@id":"https:\/\/www.talca.cl\/?page_id=269","url":"https:\/\/www.talca.cl\/?page_id=269","name":"Ilustre Municipalidad de Talca","isPartOf":{"@id":"https:\/\/www.talca.cl\/#website"},"datePublished":"2016-06-19T16:41:39+00:00","dateModified":"2024-06-17T16:02:29+00:00","breadcrumb":{"@id":"https:\/\/www.talca.cl\/?page_id=269#breadcrumb"},"inLanguage":"es","potentialAction":[{"@type":"ReadAction","target":["https:\/\/www.talca.cl\/?page_id=269"]}]},{"@type":"BreadcrumbList","@id":"https:\/\/www.talca.cl\/?page_id=269#breadcrumb","itemListElement":[{"@type":"ListItem","position":1,"name":"Home","item":"https:\/\/www.talca.cl\/"},{"@type":"ListItem","position":2,"name":"Juzgado de Polic\u00eda Local"}]},{"@type":"WebSite","@id":"https:\/\/www.talca.cl\/#website","url":"https:\/\/www.talca.cl\/","name":"Ilustre Municipalidad de Talca","description":"Ilustre Municipalidad de Talca, Talca, Municipalidad, 7\u00aa regi\u00f3n,  septima region, juan carlos diaz, jcd, avenda\u00f1o, piduco, maule,  talca chile","potentialAction":[{"@type":"SearchAction","target":{"@type":"EntryPoint","urlTemplate":"https:\/\/www.talca.cl\/?s={search_term_string}"},"query-input":{"@type":"PropertyValueSpecification","valueRequired":true,"valueName":"search_term_string"}}],"inLanguage":"es"}]}},"_links":{"self":[{"href":"https:\/\/www.talca.cl\/index.php?rest_route=\/wp\/v2\/pages\/269","targetHints":{"allow":["GET"]}}],"collection":[{"href":"https:\/\/www.talca.cl\/index.php?rest_route=\/wp\/v2\/pages"}],"about":[{"href":"https:\/\/www.talca.cl\/index.php?rest_route=\/wp\/v2\/types\/page"}],"author":[{"embeddable":true,"href":"https:\/\/www.talca.cl\/index.php?rest_route=\/wp\/v2\/users\/1"}],"replies":[{"embeddable":true,"href":"https:\/\/www.talca.cl\/index.php?rest_route=%2Fwp%2Fv2%2Fcomments&post=269"}],"version-history":[{"count":13,"href":"https:\/\/www.talca.cl\/index.php?rest_route=\/wp\/v2\/pages\/269\/revisions"}],"predecessor-version":[{"id":24384,"href":"https:\/\/www.talca.cl\/index.php?rest_route=\/wp\/v2\/pages\/269\/revisions\/24384"}],"wp:attachment":[{"href":"https:\/\/www.talca.cl\/index.php?rest_route=%2Fwp%2Fv2%2Fmedia&parent=269"}],"curies":[{"name":"wp","href":"https:\/\/api.w.org\/{rel}","templated":true}]}}