{"id":831,"date":"2016-06-02T13:35:02","date_gmt":"2016-06-02T17:35:02","guid":{"rendered":"http:\/\/www.talca.cl\/?page_id=831"},"modified":"2016-07-01T05:18:13","modified_gmt":"2016-07-01T05:18:13","slug":"departamento-de-medio-ambiente","status":"publish","type":"page","link":"https:\/\/www.talca.cl\/?page_id=831","title":{"rendered":"Medio Ambiente"},"content":{"rendered":"<p>Este departamento tiene como objetivo procurar la protecci\u00f3n del Medio Ambiente de la Comuna, especialmente a trav\u00e9s de la coordinaci\u00f3n de organismos p\u00fablicos y privados, a trav\u00e9s de la realizaci\u00f3n de acciones que buscan un Medio Ambiente libre de contaminaci\u00f3n.<\/p>\n<p><img decoding=\"async\" alt=\"\" src=\"https:\/\/www.talca.cl\/wp-content\/uploads\/2013\/10\/btn_01.png\" \/><br \/>\n<strong>La unidad de Medio Ambiente tiene a su cargo las siguientes funciones:<\/strong><br \/>\n<strong>a.<\/strong> Proponer, coordinar y\/o ejecutar planes, programas, proyectos y acciones, en conjunto con otras unidades municipales u organizaciones del sector p\u00fablico y privado, destinadas a mejorar y mantener la calidad medioambiental de la comuna.<br \/>\n<strong>b.<\/strong> Recibir y responder denuncias ambientales ocurridas en la comuna y coordinar las acciones tendientes a su resoluci\u00f3n.<br \/>\n<strong>c.<\/strong> Elaborar y desarrollar programas de higiene ambiental en espacios p\u00fablicos, realizando acciones de control de vectores y de control de fauna urbana que ocasione da\u00f1os o perjuicios a la comunidad.<\/p>\n<p><img decoding=\"async\" alt=\"\" src=\"https:\/\/www.talca.cl\/wp-content\/uploads\/2013\/10\/btn_02.png\" \/><\/p>\n<p>El a\u00f1o 2010 la ciudad de Talca fue declarada zona Saturada por Material Particulado (PM10).<br \/>\nEl Material Particulado (PM) en suspensi\u00f3n es considerado como uno de los contaminantes del aire m\u00e1s importantes en t\u00e9rminos de sus posibles efectos sobre la salud de las personas. Generalmente, la exposici\u00f3n al material particulado inhalable puede causar un aumento en la mortalidad de origen card\u00edaco y respiratorio, una reducci\u00f3n de los niveles de la capacidad pulmonar en ni\u00f1os y adultos asm\u00e1ticos y enfermedades cr\u00f3nicas de obstrucci\u00f3n pulmonar (Wang et al., 2002).<br \/>\nSeg\u00fan el \u00faltimo inventario de emisiones, las estufas a le\u00f1a domiciliarias son responsables de un 89% del total de emisiones de PM10 en la ciudad.<br \/>\nPara prevenir una mayor contaminaci\u00f3n por el uso de le\u00f1a h\u00fameda, la I Municipalidad de Talca ha promulgado una ordenanza a la comercializaci\u00f3n de le\u00f1a la cual obliga a la venta en establecimientos formales y la venta de le\u00f1a seca (menos de 25% de humedad).<br \/>\nAlgunas recomendaciones que permitir\u00e1n contribuir a disminuir la contaminaci\u00f3n del aire de nuestra ciudad:<\/p>\n<p>\u2022 Al comprar exija siempre su boleta. Al comprar en el comercio informal usted se arriesga a enga\u00f1os en el tipo de le\u00f1a (se han encontrado le\u00f1a mezclada con le\u00f1a de menor calidad), entrega de vol\u00famenes menores a los pactados y venta de le\u00f1a h\u00fameda.<br \/>\n\u2022 Preoc\u00fapese que la le\u00f1a est\u00e9 seca; \u00e9sta se reconoce porque los palos son m\u00e1s livianos, la corteza est\u00e1 semidesprendida y tiene grietas en los extremos.<br \/>\n\u2022 Aseg\u00farese que le entreguen la le\u00f1a cortada y medida en forma ordenada en el suelo. No permita la medici\u00f3n sobre el cami\u00f3n.<br \/>\n\u2022 Pique su le\u00f1a al tama\u00f1o definitivo, este no debe ser mayor a 12 cm de di\u00e1metro y almac\u00e9nela en un lugar seco, ventilado y protegido de la lluvia y la humedad del suelo.<br \/>\n\u2022 Cargue su estufa regularmente cada 20 \u00f3 40 minutos con 2 a 3 trozos de le\u00f1a como los<br \/>\ndescritos anteriormente. Nunca llene la estufa de le\u00f1a, s\u00f3lo de esta manera tendr\u00e1 una buena relaci\u00f3n entre el combustible y el ox\u00edgeno de la combusti\u00f3n.<br \/>\n\u2022 Al usar le\u00f1a recuerde que, no basta solo usar le\u00f1a seca, es muy importante el tama\u00f1o de los palos y la cantidad de le\u00f1a con que se cargue la estufa. El mejor indicador de una buena combusti\u00f3n es que no debe salir humo de su ca\u00f1\u00f3n, lo cual se logra con un fuego intenso y las recomendaciones anteriores.<br \/>\n\u2022 Compre su le\u00f1a con anticipaci\u00f3n, el mejor mes para hacerlo es Noviembre y Diciembre, la le\u00f1a est\u00e1 m\u00e1s barata y podr\u00e1 picarla y secarla durante el verano, asegur\u00e1ndose de tener le\u00f1a seca para el invierno.<br \/>\n\u2022 Como alternativa al uso de le\u00f1a puede usar briquetas estas tienen un contenido de humedad muy bajo y contaminan mucho menos.<\/p>\n<p><img decoding=\"async\" title=\"tiro_ordenanza len_a\" alt=\"\" src=\"https:\/\/www.talca.cl\/wp-content\/uploads\/2013\/10\/tiro_ordenanza-len_a.jpg\"  \/><\/p>\n<p><img decoding=\"async\" title=\"diptico-consumo-len_a-retiro\" alt=\"\" src=\"https:\/\/www.talca.cl\/wp-content\/uploads\/2013\/10\/diptico-consumo-len_a-retiro.jpg\"  \/><\/p>\n<p><img decoding=\"async\" alt=\"\" src=\"https:\/\/www.talca.cl\/wp-content\/uploads\/2013\/10\/btn_03.png\" \/><br \/>\nEl reciclaje es un proceso fisicoqu\u00edmico o mec\u00e1nico o trabajo que consiste en someter a una materia o un producto ya utilizado (basura), a un ciclo de tratamiento total o parcial para obtener una materia prima o un nuevo producto.<br \/>\nPara que el reciclaje pueda ser posible, no basta con un contenedor especial. Debemos pensar en la cadena donde tenemos tres actores indispensables:<br \/>\n&#8211; Origen: Puede ser de \u00edndole dom\u00e9stico (RSU) o industrial. El deber de este grupo es depositar basuras clasificadas seg\u00fan el elemento a reciclar.<br \/>\n&#8211; Recuperaci\u00f3n: Cosiste \u00fanicamente en la recolecci\u00f3n y transporte de los residuos hacia el siguiente paso de la cadena.<br \/>\n&#8211; Comprador: es quien recibe estos elementos para poderlos reciclar o enviarlos a un destino final.<\/p>\n<p><strong>Punto Limpio Itinerante<\/strong><br \/>\nEste contenedor tiene por objetivo acercar y educar en barrios, escuelas u organizaciones que deseen realizar una jornada puntual de reciclaje.<\/p>\n<p>Para solicitar el contenedor, debe comunicarse con la Unidad de Medio Ambiente al correo medioambiente@talca.cl o al fono 2220964.<\/p>\n<p><img decoding=\"async\" title=\"punto-limpio-de-reciclaje\" alt=\"\" src=\"https:\/\/www.talca.cl\/wp-content\/uploads\/2013\/10\/punto-limpio-de-reciclaje.jpg\"  \/><\/p>\n<p><strong>Punto Limpio Municipal<\/strong><br \/>\nPunto de reciclaje de botellas de vidrio, pl\u00e1sticos, latas, papeles y cartones ubicado en 18 oriente con 5 sur, entrada Cuartel Urbano.<\/p>\n<p><img decoding=\"async\" title=\"punto-limpio-2\" alt=\"\" src=\"https:\/\/www.talca.cl\/wp-content\/uploads\/2013\/10\/punto-limpio-2.jpg\" \/><\/p>\n<p><strong>Contenedores de Botellas Pl\u00e1sticas Desechables<\/strong><br \/>\nCampa\u00f1a conjunta de la I Municipalidad de Talca, Reciclaje de Pl\u00e1sticos Vergara y Radio Paloma. Estos contenedores solo reciben Botellas pl\u00e1sticas desechables.<\/p>\n<p><img decoding=\"async\" title=\"botellas-plasticas\" alt=\"\" src=\"https:\/\/www.talca.cl\/wp-content\/uploads\/2013\/10\/botellas-plasticas.jpg\"  \/><\/p>\n<p><strong>Para ver el mapa de Reciclaje Ingrese <a href=\"https:\/\/mapsengine.google.com\/map\/viewer?mid=zUGFt2s7gU98.kHCIr_HKPDWM\" target=\"_blank\">Aqu\u00ed<\/a><\/strong><\/p>\n<p><img decoding=\"async\" alt=\"\" src=\"https:\/\/www.talca.cl\/wp-content\/uploads\/2013\/10\/btn_04.png\" \/><br \/>\nLa ciudad de Talca presenta una gran cantidad de afluentes naturales y artificiales que atraviesan la ciudad. El tama\u00f1o de los afluentes var\u00eda desde peque\u00f1os canales de regad\u00edo hasta canales, esteros y el R\u00edo Claro que atraviesa nuestra ciudad.<br \/>\nAl existir un buen manejo de estos espacios, los habitantes tienen la posibilidad de utilizar estos recursos h\u00eddricos con fines recreativos (incorporaci\u00f3n en \u00e1reas verdes, construcci\u00f3n de ciclov\u00edas, deportes n\u00e1uticos, etc). Tambi\u00e9n, los afluentes dan la posibilidad de la creaci\u00f3n de corredores naturales, donde la fauna nativa puede circular a trav\u00e9s de la ciudad.<\/p>\n<p><img decoding=\"async\" title=\"basura-en-rio\" alt=\"\" src=\"https:\/\/www.talca.cl\/wp-content\/uploads\/2013\/10\/claro.jpg\" \/><\/p>\n<p>Sin embargo, en estos momentos no es posible utilizar estos espacios ya que una gran cantidad de basura es arrojada a los distintos cursos de agua en la ciudad.<\/p>\n<p><img decoding=\"async\" title=\"basura-en-rio\" alt=\"\" src=\"https:\/\/www.talca.cl\/wp-content\/uploads\/2013\/10\/basura-en-rio.jpg\" \/><\/p>\n<p><strong>Los efectos asociados a la basura en canales y r\u00edos son:<\/strong><br \/>\n\u2022 Inundaci\u00f3n de viviendas por obstrucci\u00f3n de canales de regad\u00edo.<br \/>\n\u2022 Aumento de plagas en los alrededores, especialmente de ratones.<br \/>\n\u2022 Contaminaci\u00f3n de frutas y verduras regadas con agua contaminada.<br \/>\n\u2022 Generaci\u00f3n de focos de insalubridad por descomposici\u00f3n de las basuras.<\/p>\n<p><strong>Para cuidar nuestros cauces, debemos manejar de mejor forma los residuos que producimos:<\/strong><br \/>\n\u2022 Disponer la basura domiciliaria normal solo en los horarios del cami\u00f3n recolector municipal de su sector.<br \/>\n\u2022 Si usted ha generado basura de otro tipo (escombros, ramas, etc) consultar a la Direcci\u00f3n de Medio Ambiente, Aseo y Ornato los lugares autorizados para la disposici\u00f3n de estos residuos.<br \/>\n\u2022 Si presencia otros veh\u00edculos eliminando escombros en la v\u00eda p\u00fablica, realizar la denuncia correspondiente. Si es posible presentar fotos con patente del veh\u00edculo.<br \/>\nCon estos simples consejos podemos mejorar la calidad de los afluentes que cruzan nuestra ciudad.<\/p>\n<p><img decoding=\"async\" alt=\"\" src=\"https:\/\/www.talca.cl\/wp-content\/uploads\/2013\/10\/btn_05.png\" \/><br \/>\nEl Sistema de Certificaci\u00f3n Ambiental Municipal (SCAM) es un sistema integral de car\u00e1cter voluntario, que opera a lo largo del territorio nacional y que est\u00e1 basado en est\u00e1ndares nacionales e internacionales como ISO 14.001 y EMAS (Reglamento Comunitario de Ecogesti\u00f3n y Ecoauditor\u00eda). El SCAM busca la integraci\u00f3n del factor ambiental en el quehacer municipal logrando incorporarlo a nivel de org\u00e1nica municipal, de infraestructura, de personal, de procedimientos internos y de servicios que presta el municipio a la comunidad.<\/p>\n<p><strong>Certificaci\u00f3n Ambiental de la I Municipalidad de Talca<\/strong><br \/>\nEl d\u00eda 20 de junio de 2013, la I Municipalidad de Talca recibe de la certificaci\u00f3n ambiental Fase I (B\u00e1sico), siendo la primera comuna en la regi\u00f3n que recibe dicho reconocimiento.<br \/>\nEsta certificaci\u00f3n fue entregada por el Subsecretario de Medio Ambiente, Ricardo Irarr\u00e1zabal al Alcalde (s) de Talca, Juan Carlos D\u00edaz.<br \/>\nEl alcalde (s) expres\u00f3 \u201c es una tarea que el Alcalde Juan Castro se propuso desde un principio, creando el departamento medioambiental, donde estamos fiscalizando a los vendedores de le\u00f1a, estamos haciendo m\u00e1s puntos de reciclaje en la ciudad y, demostrar que ya estamos en la fase intermedia del SCAM, es porque nos importa nuestro medio ambiente y queremos seguir contribuyendo en esta importante labor, que ayuda a nuestra ciudad y sobre todo a los talquinos\u201d.<\/p>\n<p><img decoding=\"async\" class=\"alignnone size-full wp-image-5185\" title=\"certificado\" alt=\"\" src=\"https:\/\/www.talca.cl\/wp-content\/uploads\/2013\/10\/certificado.jpg\" \/><\/p>\n<p>Adem\u00e1s, en la ceremonia el Alcalde (s) de Talca y el subsecretario de Medio Ambiente firmaron el convenio para iniciar la segunda fase (intermedia).<\/p>\n<p><strong>Misi\u00f3n<\/strong><br \/>\nLa Ilustre Municipalidad de Talca promueve el resguardo de la calidad de vida y cuidado de nuestro entorno ambiental. Para eso trabajar\u00e1 en base a la Estrategia Ambiental Comunal, asegurando la Participaci\u00f3n Ambiental Ciudadana y la Educaci\u00f3n Ambiental, coordinando necesidades de la comunidad con entes p\u00fablicos competentes y generando acciones concretas de mejoramiento ambiental local.<\/p>\n<p><strong>L\u00edneas estrat\u00e9gicas<\/strong><br \/>\nLa estrategia ambiental dise\u00f1ada para la comuna de Talca se\u00f1ala cinco l\u00edneas estrat\u00e9gicas:<br \/>\n&#8211; Higiene Ambiental<br \/>\n&#8211; Gesti\u00f3n de Residuos<br \/>\n&#8211; Recuperaci\u00f3n Recursos Naturales<br \/>\n&#8211; Gesti\u00f3n de \u00c1reas verdes<br \/>\n&#8211; Difusi\u00f3n y educaci\u00f3n ambiental<\/p>\n<p><strong><a title=\"Descargar\" href=\"https:\/\/www.talca.cl\/descarga.php?archivo=Estrategia_Ambiental.pdf\">Descargar Estrategia Ambiental<\/a><\/strong><br \/>\n<strong><a title=\"Descargar\" href=\"https:\/\/www.talca.cl\/wp-content\/uploads\/2014\/12\/Difusionweb_cumplimiento.pdf\">Descargar Difusi\u00f3n web de cumplimiento de l\u00edneas estrat\u00e9gicas<\/a><\/strong><\/p>\n<p><img decoding=\"async\" alt=\"\" src=\"https:\/\/www.talca.cl\/wp-content\/uploads\/2013\/10\/btn_06.png\" \/><br \/>\n<strong>\u00bfEst\u00e1 su familia atormentada por plagas como hormigas, ara\u00f1as, cucarachas, termitas o ratones?<\/strong><br \/>\nNo est\u00e1 s\u00f3lo. Las medidas m\u00e1s efectivas para controlar o matar las plagas no son los venenos, la mejor forma es hacerlas pasar hambre y sed, y mantenerlas fuera de la casa.<br \/>\nTal como las personas, las plagas son seres vivos que necesitan tres elementos cr\u00edticos para sobrevivir: alimentos, agua y refugio. Al seguir estos tres pasos f\u00e1ciles y efectivos, puede proteger la salud y seguridad de su familia, controlando al mismo tiempo las molestas plagas.<\/p>\n<p><strong>\u00a1H\u00e1galas pasar hambre!<\/strong><br \/>\nLas plagas se comer\u00e1n pr\u00e1cticamente cualquier cosa, pero pueden dejarlo tranquilo si no tienen acceso f\u00e1cil a los alimentos:<br \/>\n\u2022 Selle las cajas y bolsas de comida. A las cucarachas les encantan las cajas de cart\u00f3n y pueden meterse en ellas f\u00e1cilmente.<br \/>\n\u2022 Almacene la comida abierta en bolsas o envases pl\u00e1sticos, tales como cereales, harina o az\u00facar.<br \/>\n\u2022 Limpie inmediatamente los derrames y migas. A las plagas les encanta la comida gratis que se queda por fuera.<br \/>\n\u2022 No camine por toda la casa cuando est\u00e1 comiendo. Las comidas y meriendas deben comerse en la mesa.<br \/>\n\u2022 Limpie los platos sucios inmediatamente. Las plagas querr\u00e1n consumir cualquier sobrado de sus comidas.<br \/>\n\u2022 Mantenga la basura bien tapada, y vac\u00edela frecuentemente. Puede ser basura para usted, pero para las plagas se trata de una cena. Coloque los cestos de basura a distancia de la puerta trasera.<br \/>\n\u2022 No deje la comida de las mascotas servida de un d\u00eda para otro.<\/p>\n<p><strong>\u00a1H\u00e1galas pasar sed!<\/strong><br \/>\nPor ejemplo, las cucarachas pueden sobrevivir un mes sin comida, sin embargo, sin agua pueden morir en un lapso de una semana:<br \/>\n\u2022 Siempre drene el agua del lavaplatos. Como las cucarachas y ratones pueden nadar, un lavaplatos repleto de agua puede convertirse en una fiesta con piscina para las plagas.<br \/>\n\u2022 Seque el agua y otros l\u00edquidos derramados del mostrador tan pronto los vea.<br \/>\n\u2022 Arregle o reporte al administrador del edificio los grifos, radiadores, lavaplatos y lavadoras de ropa con escapes.<br \/>\n\u2022 Vac\u00ede el exceso de agua en los maceteros (tiestos). Una gota de agua puede ser todo lo que una cucaracha necesita para estar satisfecha.<\/p>\n<p><strong>\u00a1Mant\u00e9ngalas fuera!<\/strong><br \/>\nAl mantener insectos y roedores fuera de su hogar, puede evitar que se conviertan en un problema. Los roedores pasan la mayor parte de sus vidas ocult\u00e1ndose. Les encantan las grietas y pueden colarse por casi cualquier lugar. Piense r\u00e1pido y evitar\u00e1 que se muden a su hogar:<br \/>\n\u2022 Selle las grietas y aberturas a lo largo de rodapi\u00e9s, detr\u00e1s de lavaderos y alrededor de tuber\u00edas y ventanas.<br \/>\n\u2022 Repare los hoyos en los paneles divisorios de puertas y ventanas para evitar que los insectos y otras plagas entren en su hogar.<br \/>\n\u2022 Examine las cajas y bolsas para asegurarse que no tengan insectos, antes de entrarlas a su hogar.<br \/>\n\u2022 Recoja el desorden, incluyendo peri\u00f3dicos amontonados, bolsas de papel y cajas de cart\u00f3n. Estos son buenos escondites para las plagas.<br \/>\n\u2022 Ponga trampas para controlar ratas y ratones. Si usa cebos, aseg\u00farese que est\u00e9n en una estaci\u00f3n a prueba de alteraciones hecha de pl\u00e1stico duradero o metal, y col\u00f3quelas en un \u00e1rea en que los ni\u00f1os y las mascotas no puedan tocarlos.<br \/>\n\u2022 Si tiene le\u00f1a, mant\u00e9ngala lo m\u00e1s distanciada posible de su vivienda<br \/>\nSi tiene dudas o consultas puede escribir al email: medioambiente@talca.cl o a los fonos: 2203964 \u2013 2203975<br \/>\nPuedes descargar este formulario y presentar tu solicitud a la unidad de zoonosis, en la direcci\u00f3n 5 sur #2330, entre 16 y 17 oriente.<\/p>\n<p><a href=\"https:\/\/www.talca.cl\/wp-content\/uploads\/2013\/10\/dip-laucha-retiro-big.jpg\" target=\"_blank\"><br \/>\n<img decoding=\"async\" title=\"Ver en Grande\" alt=\"\" src=\"https:\/\/www.talca.cl\/wp-content\/uploads\/2013\/10\/dip-laucha-retiro.jpg\" \/><\/a><\/p>\n<p><a href=\"https:\/\/www.talca.cl\/wp-content\/uploads\/2013\/10\/trip-garrapata-big.jpg\" target=\"_blank\"><img decoding=\"async\" title=\"Ver en Grande\" alt=\"\" src=\"https:\/\/www.talca.cl\/wp-content\/uploads\/2013\/10\/trip-garrapata-retiro.jpg\" \/><\/a><\/p>\n<p><img decoding=\"async\" title=\"Open-top\" alt=\"\" src=\"https:\/\/www.talca.cl\/wp-content\/uploads\/2013\/10\/Open-top.jpg\" \/><\/p>\n<p><img decoding=\"async\" alt=\"\" src=\"https:\/\/www.talca.cl\/wp-content\/uploads\/2013\/10\/btn_07.png\" \/><br \/>\nLa unidad de medio ambiente de la I Municipalidad de Talca tiene la facultad legal de recibir cualquier denuncia ambiental formulada por la ciudadan\u00eda, aun si esta denuncia no es de competencia municipal.<br \/>\nPara ello se ha dise\u00f1ado un protocolo de denuncias ambientales, el cual establece procedimientos y tiempos en la tramitaci\u00f3n de las denuncias ambientales.<br \/>\nSi una persona desea formular una denuncia se debe dirigir a la unidad de Medio Ambiente, 5 sur #2330, entre 16 y 17 oriente, acompa\u00f1ado de la mayor cantidad de antecedentes y presentar de forma escrita su denuncia.<\/p>\n<p>Si tiene dudas o consultas puede escribir al email: <strong>medioambiente@talca.cl o a los fonos: 2203964 \u2013 2203975<\/strong><\/p>\n","protected":false},"excerpt":{"rendered":"<p>Este departamento tiene como objetivo procurar la protecci\u00f3n del Medio Ambiente de la Comuna, especialmente a trav\u00e9s de la coordinaci\u00f3n de organismos p\u00fablicos y privados, a trav\u00e9s de la realizaci\u00f3n de acciones que buscan un Medio Ambiente libre de contaminaci\u00f3n. La unidad de Medio Ambiente tiene a su cargo las siguientes funciones: a. Proponer, coordinar [&hellip;]<\/p>\n","protected":false},"author":1,"featured_media":0,"parent":0,"menu_order":0,"comment_status":"closed","ping_status":"open","template":"","meta":{"footnotes":""},"class_list":["post-831","page","type-page","status-publish"],"yoast_head":"<!-- This site is optimized with the Yoast SEO plugin v27.3 - https:\/\/yoast.com\/product\/yoast-seo-wordpress\/ -->\n<title>Ilustre Municipalidad de Talca<\/title>\n<meta name=\"robots\" content=\"index, follow, max-snippet:-1, max-image-preview:large, max-video-preview:-1\" \/>\n<link rel=\"canonical\" href=\"https:\/\/www.talca.cl\/?page_id=831\" \/>\n<meta property=\"og:locale\" content=\"es_ES\" \/>\n<meta property=\"og:type\" content=\"article\" \/>\n<meta property=\"og:title\" content=\"Ilustre Municipalidad de Talca\" \/>\n<meta property=\"og:description\" content=\"Este departamento tiene como objetivo procurar la protecci\u00f3n del Medio Ambiente de la Comuna, especialmente a trav\u00e9s de la coordinaci\u00f3n de organismos p\u00fablicos y privados, a trav\u00e9s de la realizaci\u00f3n de acciones que buscan un Medio Ambiente libre de contaminaci\u00f3n. La unidad de Medio Ambiente tiene a su cargo las siguientes funciones: a. Proponer, coordinar [&hellip;]\" \/>\n<meta property=\"og:url\" content=\"https:\/\/www.talca.cl\/?page_id=831\" \/>\n<meta property=\"og:site_name\" content=\"Ilustre Municipalidad de Talca\" \/>\n<meta property=\"article:modified_time\" content=\"2016-07-01T05:18:13+00:00\" \/>\n<meta property=\"og:image\" content=\"https:\/\/www.talca.cl\/wp-content\/uploads\/2013\/10\/btn_01.png\" \/>\n<meta name=\"twitter:card\" content=\"summary_large_image\" \/>\n<meta name=\"twitter:label1\" content=\"Est. reading time\" \/>\n\t<meta name=\"twitter:data1\" content=\"11 minutos\" \/>\n<script type=\"application\/ld+json\" class=\"yoast-schema-graph\">{\"@context\":\"https:\\\/\\\/schema.org\",\"@graph\":[{\"@type\":\"WebPage\",\"@id\":\"https:\\\/\\\/www.talca.cl\\\/?page_id=831\",\"url\":\"https:\\\/\\\/www.talca.cl\\\/?page_id=831\",\"name\":\"Ilustre Municipalidad de Talca\",\"isPartOf\":{\"@id\":\"https:\\\/\\\/www.talca.cl\\\/#website\"},\"primaryImageOfPage\":{\"@id\":\"https:\\\/\\\/www.talca.cl\\\/?page_id=831#primaryimage\"},\"image\":{\"@id\":\"https:\\\/\\\/www.talca.cl\\\/?page_id=831#primaryimage\"},\"thumbnailUrl\":\"https:\\\/\\\/www.talca.cl\\\/wp-content\\\/uploads\\\/2013\\\/10\\\/btn_01.png\",\"datePublished\":\"2016-06-02T17:35:02+00:00\",\"dateModified\":\"2016-07-01T05:18:13+00:00\",\"breadcrumb\":{\"@id\":\"https:\\\/\\\/www.talca.cl\\\/?page_id=831#breadcrumb\"},\"inLanguage\":\"es\",\"potentialAction\":[{\"@type\":\"ReadAction\",\"target\":[\"https:\\\/\\\/www.talca.cl\\\/?page_id=831\"]}]},{\"@type\":\"ImageObject\",\"inLanguage\":\"es\",\"@id\":\"https:\\\/\\\/www.talca.cl\\\/?page_id=831#primaryimage\",\"url\":\"https:\\\/\\\/www.talca.cl\\\/wp-content\\\/uploads\\\/2013\\\/10\\\/btn_01.png\",\"contentUrl\":\"https:\\\/\\\/www.talca.cl\\\/wp-content\\\/uploads\\\/2013\\\/10\\\/btn_01.png\"},{\"@type\":\"BreadcrumbList\",\"@id\":\"https:\\\/\\\/www.talca.cl\\\/?page_id=831#breadcrumb\",\"itemListElement\":[{\"@type\":\"ListItem\",\"position\":1,\"name\":\"Home\",\"item\":\"https:\\\/\\\/www.talca.cl\\\/\"},{\"@type\":\"ListItem\",\"position\":2,\"name\":\"Medio Ambiente\"}]},{\"@type\":\"WebSite\",\"@id\":\"https:\\\/\\\/www.talca.cl\\\/#website\",\"url\":\"https:\\\/\\\/www.talca.cl\\\/\",\"name\":\"Ilustre Municipalidad de Talca\",\"description\":\"Ilustre Municipalidad de Talca, Talca, Municipalidad, 7\u00aa regi\u00f3n,  septima region, juan carlos diaz, jcd, avenda\u00f1o, piduco, maule,  talca chile\",\"potentialAction\":[{\"@type\":\"SearchAction\",\"target\":{\"@type\":\"EntryPoint\",\"urlTemplate\":\"https:\\\/\\\/www.talca.cl\\\/?s={search_term_string}\"},\"query-input\":{\"@type\":\"PropertyValueSpecification\",\"valueRequired\":true,\"valueName\":\"search_term_string\"}}],\"inLanguage\":\"es\"}]}<\/script>\n<!-- \/ Yoast SEO plugin. -->","yoast_head_json":{"title":"Ilustre Municipalidad de Talca","robots":{"index":"index","follow":"follow","max-snippet":"max-snippet:-1","max-image-preview":"max-image-preview:large","max-video-preview":"max-video-preview:-1"},"canonical":"https:\/\/www.talca.cl\/?page_id=831","og_locale":"es_ES","og_type":"article","og_title":"Ilustre Municipalidad de Talca","og_description":"Este departamento tiene como objetivo procurar la protecci\u00f3n del Medio Ambiente de la Comuna, especialmente a trav\u00e9s de la coordinaci\u00f3n de organismos p\u00fablicos y privados, a trav\u00e9s de la realizaci\u00f3n de acciones que buscan un Medio Ambiente libre de contaminaci\u00f3n. La unidad de Medio Ambiente tiene a su cargo las siguientes funciones: a. Proponer, coordinar [&hellip;]","og_url":"https:\/\/www.talca.cl\/?page_id=831","og_site_name":"Ilustre Municipalidad de Talca","article_modified_time":"2016-07-01T05:18:13+00:00","og_image":[{"url":"https:\/\/www.talca.cl\/wp-content\/uploads\/2013\/10\/btn_01.png","type":"","width":"","height":""}],"twitter_card":"summary_large_image","twitter_misc":{"Est. reading time":"11 minutos"},"schema":{"@context":"https:\/\/schema.org","@graph":[{"@type":"WebPage","@id":"https:\/\/www.talca.cl\/?page_id=831","url":"https:\/\/www.talca.cl\/?page_id=831","name":"Ilustre Municipalidad de Talca","isPartOf":{"@id":"https:\/\/www.talca.cl\/#website"},"primaryImageOfPage":{"@id":"https:\/\/www.talca.cl\/?page_id=831#primaryimage"},"image":{"@id":"https:\/\/www.talca.cl\/?page_id=831#primaryimage"},"thumbnailUrl":"https:\/\/www.talca.cl\/wp-content\/uploads\/2013\/10\/btn_01.png","datePublished":"2016-06-02T17:35:02+00:00","dateModified":"2016-07-01T05:18:13+00:00","breadcrumb":{"@id":"https:\/\/www.talca.cl\/?page_id=831#breadcrumb"},"inLanguage":"es","potentialAction":[{"@type":"ReadAction","target":["https:\/\/www.talca.cl\/?page_id=831"]}]},{"@type":"ImageObject","inLanguage":"es","@id":"https:\/\/www.talca.cl\/?page_id=831#primaryimage","url":"https:\/\/www.talca.cl\/wp-content\/uploads\/2013\/10\/btn_01.png","contentUrl":"https:\/\/www.talca.cl\/wp-content\/uploads\/2013\/10\/btn_01.png"},{"@type":"BreadcrumbList","@id":"https:\/\/www.talca.cl\/?page_id=831#breadcrumb","itemListElement":[{"@type":"ListItem","position":1,"name":"Home","item":"https:\/\/www.talca.cl\/"},{"@type":"ListItem","position":2,"name":"Medio Ambiente"}]},{"@type":"WebSite","@id":"https:\/\/www.talca.cl\/#website","url":"https:\/\/www.talca.cl\/","name":"Ilustre Municipalidad de Talca","description":"Ilustre Municipalidad de Talca, Talca, Municipalidad, 7\u00aa regi\u00f3n,  septima region, juan carlos diaz, jcd, avenda\u00f1o, piduco, maule,  talca chile","potentialAction":[{"@type":"SearchAction","target":{"@type":"EntryPoint","urlTemplate":"https:\/\/www.talca.cl\/?s={search_term_string}"},"query-input":{"@type":"PropertyValueSpecification","valueRequired":true,"valueName":"search_term_string"}}],"inLanguage":"es"}]}},"_links":{"self":[{"href":"https:\/\/www.talca.cl\/index.php?rest_route=\/wp\/v2\/pages\/831","targetHints":{"allow":["GET"]}}],"collection":[{"href":"https:\/\/www.talca.cl\/index.php?rest_route=\/wp\/v2\/pages"}],"about":[{"href":"https:\/\/www.talca.cl\/index.php?rest_route=\/wp\/v2\/types\/page"}],"author":[{"embeddable":true,"href":"https:\/\/www.talca.cl\/index.php?rest_route=\/wp\/v2\/users\/1"}],"replies":[{"embeddable":true,"href":"https:\/\/www.talca.cl\/index.php?rest_route=%2Fwp%2Fv2%2Fcomments&post=831"}],"version-history":[{"count":2,"href":"https:\/\/www.talca.cl\/index.php?rest_route=\/wp\/v2\/pages\/831\/revisions"}],"predecessor-version":[{"id":9209,"href":"https:\/\/www.talca.cl\/index.php?rest_route=\/wp\/v2\/pages\/831\/revisions\/9209"}],"wp:attachment":[{"href":"https:\/\/www.talca.cl\/index.php?rest_route=%2Fwp%2Fv2%2Fmedia&parent=831"}],"curies":[{"name":"wp","href":"https:\/\/api.w.org\/{rel}","templated":true}]}}