{"id":9192,"date":"2016-06-11T14:44:11","date_gmt":"2016-06-11T18:44:11","guid":{"rendered":"http:\/\/www.talca.cl\/?page_id=24"},"modified":"2025-08-07T17:08:55","modified_gmt":"2025-08-07T21:08:55","slug":"departamento-de-transito","status":"publish","type":"page","link":"https:\/\/www.talca.cl\/?page_id=9192","title":{"rendered":"Direcci\u00f3n de Tr\u00e1nsito"},"content":{"rendered":"\n<p>\u2705&nbsp;<strong>Informaci\u00f3n Importante \u2013 Direcci\u00f3n de Tr\u00e1nsito y Transporte P\u00fablico<\/strong><\/p>\n\n\n\n<ul class=\"wp-block-list\"><li>La Direcci\u00f3n de Tr\u00e1nsito y Transporte P\u00fablico tiene como objetivo el poder entregar a la comunidad una oferta que responda de manera eficaz a sus requerimientos relacionados con la materia. Lo anterior supone una gesti\u00f3n de servicios (licencias de conducir, permisos de circulaci\u00f3n), estudios y proyectos orientados al cumplimiento de requerimientos de acuerdo a las normativas vigentes, involucrando un trabajo colaborativo con los servicios p\u00fablicos involucrados en temas viales y gesti\u00f3n de tr\u00e1nsito.<br><\/li><li>En el marco de la implementaci\u00f3n del nuevo Sistema de Gesti\u00f3n de Licencias de Conducir (SGL), se informa que ya se encuentra disponible la plataforma de agendamiento online de horas de atenci\u00f3n de tr\u00e1mites de primera Licencia, renovaciones y duplicados. Esta plataforma permitir\u00e1 reservar su hora de atenci\u00f3n de manera f\u00e1cil y r\u00e1pida, lo que es parte de las diversas mejoras que nos encontramos implementando en los servicios de nuestra Direcci\u00f3n.<br><\/li><li>Se sugiere llegar 15 minutos antes de la hora agendada y evitar retrasos para no tener inconvenientes con su reserva.<\/li><li>Los dem\u00e1s tr\u00e1mites podr\u00e1n realizarse sin necesidad de reservar cupo, es decir, con atenci\u00f3n de libre acceso.<\/li><\/ul>\n\n\n\n<figure class=\"wp-block-embed is-type-video is-provider-youtube wp-block-embed-youtube wp-embed-aspect-16-9 wp-has-aspect-ratio\"><div class=\"wp-block-embed__wrapper\">\n<iframe loading=\"lazy\" title=\"Viral Direccio\u0301n de Tra\u0301nsito\" width=\"696\" height=\"392\" src=\"https:\/\/www.youtube.com\/embed\/q26V-rworns?feature=oembed\" frameborder=\"0\" allow=\"accelerometer; autoplay; clipboard-write; encrypted-media; gyroscope; picture-in-picture; web-share\" referrerpolicy=\"strict-origin-when-cross-origin\" allowfullscreen><\/iframe>\n<\/div><\/figure>\n\n\n\n<p><\/p>\n\n\n\n<p>La Direcci\u00f3n de Tr\u00e1nsito tiene como misi\u00f3n entregar a la comunidad las mejores condiciones de tr\u00e1nsito y servicios relacionados con el transporte urbano de la ciudad, para garantizar el desplazamiento continuo, expedito y seguro, de acuerdo a la vialidad de la ciudad y el creciente parque automotriz.<\/p>\n\n\n\n<p>Por otra parte, debe fiscalizar el cumplimiento de las normativas que regulan el tr\u00e1nsito y el transporte p\u00fablico, y trabajar en red con los servicios p\u00fablicos involucrados en temas viales y gesti\u00f3n de tr\u00e1nsito.<br>Las funciones de la Direcci\u00f3n de Tr\u00e1nsito establecidas en el art\u00edculo 26 de la Ley Org\u00e1nica Constitucional de Municipales N\u00ba18.695 son:<\/p>\n\n\n\n<p>&#8211; Otorgar y renovar licencias para conducir veh\u00edculos.<br>&#8211; Determinar el sentid de circulaci\u00f3n de los veh\u00edculos, en coordinaci\u00f3n con los organismo de la Administraci\u00f3n del Estado competentes.<br>&#8211; Se\u00f1alizar adecuadamente las v\u00edas p\u00fablicas<br>&#8211; En general, aplicar las normas generales sobre tr\u00e1nsito y transporte p\u00fablicos de la comuna. La Direcci\u00f3n de Tr\u00e1nsito la componen las siguientes unidades: &#8211; Departamento de Licencias de Conducir.<br>&#8211; Departamento de Permisos de Circulaci\u00f3n.<br>&#8211; Departamento de Estudios y Proyectos de Tr\u00e1nsito.<\/p>\n\n\n\n<p><\/p>\n\n\n\n<p><strong>Ubicaci\u00f3n:<\/strong><\/p>\n\n\n\n<center>\n<iframe src=\"https:\/\/www.google.com\/maps\/embed?pb=!1m18!1m12!1m3!1d3251.2006912016022!2d-71.6729113249564!3d-35.42505820133699!2m3!1f0!2f0!3f0!3m2!1i1024!2i768!4f13.1!3m3!1m2!1s0x9665c421cd283dfb%3A0x801da8356e03cdd7!2sCuatro%20Pte.%201236%2C%203461867%20Talca%2C%20Maule!5e0!3m2!1ses!2scl!4v1689276411126!5m2!1ses!2scl\" width=\"600\" height=\"450\" style=\"border:0;\" allowfullscreen=\"\" loading=\"lazy\" referrerpolicy=\"no-referrer-when-downgrade\"><\/iframe>\n<\/center><br>\n\n\n\n<div style=\"height:26px\" aria-hidden=\"true\" class=\"wp-block-spacer\"><\/div>\n\n\n\n<iframe loading=\"lazy\" \n    src=\"https:\/\/www.talca.cl\/transito\/manuales.php\" \n    width=\"100%\" \n    height=\"800\" \n    style=\"border: none;\"\n    title=\"Manuales de Tr\u00e1nsito Talca\">\n<\/iframe>\n\n\n\n<div style=\"height: 20px;\">&nbsp;<\/div>\n<table class=\"table table-hover\">\n<thead>\n<tr>\n<th colspan=\"3\" scope=\"col\"><center><p><\/p>\n<h2>VALORES JULIO 2025.<br>U.T.M $68.923.-<\/h2>\n<p><\/p><\/center><\/th>\n<\/tr>\n<\/thead>\n<thead>\n<tr>\n<th scope=\"col\">&nbsp;<\/th>\n<th scope=\"col\">&nbsp;<\/th>\n<th scope=\"col\">Valor<\/th>\n<\/tr>\n<\/thead>\n<tbody>\n<tr>\n<th scope=\"row\">01.<\/th>\n<td>Primera Licencia No Prof. ( B, C ,D )<\/td>\n<td>$ 54.810.-<\/td>\n<\/tr>\n<tr>\n<th scope=\"row\">02.<\/th>\n<td>Primera Licencia Clase E<\/td>\n<td>$ 16.903.-<\/td>\n<\/tr>\n<tr>\n<th scope=\"row\">03.<\/th>\n<td>Control B-C-D<\/td>\n<td>$ 34.133.-<\/td>\n<\/tr>\n<tr>\n<th scope=\"row\">04.<\/th>\n<td>Cambio de Categor\u00eda<\/td>\n<td>$ 54.810.-<\/td>\n<\/tr>\n<tr>\n<th scope=\"row\">05.<\/th>\n<td>Control A1,A2 Ley 18.290<\/td>\n<td>$ 34.133.-<\/td>\n<\/tr>\n<tr>\n<th scope=\"row\">06.<\/th>\n<td>Control Profesional<\/td>\n<td>$ 34.133.-<\/td>\n<\/tr>\n<tr>\n<th scope=\"row\">07.<\/th>\n<td>Cambio de Domicilio<\/td>\n<td>$ 15.853.-<\/td>\n<\/tr>\n<tr>\n<th scope=\"row\">08.<\/th>\n<td>Ampliaci\u00f3n A &#8211; C y D<\/td>\n<td>$ 23.795.-<\/td>\n<\/tr>\n<tr>\n<th scope=\"row\">09.<\/th>\n<td>Ampliaci\u00f3n B &#8211; F<\/td>\n<td>$ 33.083.-<\/td>\n<\/tr>\n<tr>\n<th scope=\"row\">10.<\/th>\n<td>Ampliaci\u00f3n A &#8211; F<\/td>\n<td>$ 12.406.-<\/td>\n<\/tr>\n<tr>\n<th scope=\"row\">11.<\/th>\n<td>Duplicados<\/td>\n<td>$ 13.456.-<\/td>\n<\/tr>\n<tr>\n<th scope=\"row\">12.<\/th>\n<td>Retoma Clase<\/td>\n<td>$ 27.241.-<\/td>\n<\/tr>\n<tr>\n<th scope=\"row\">13.<\/th>\n<td>Elimina Restricci\u00f3n Medico<\/td>\n<td>$ 12.406.-<\/td>\n<\/tr>\n<tr>\n<th scope=\"row\">14.<\/th>\n<td>Elimina Restricci\u00f3n Pr\u00e1ctico<\/td>\n<td>$ 12.406.-<\/td>\n<\/tr>\n<tr>\n<th scope=\"row\">15.<\/th>\n<td>Derechos Varios<\/td>\n<td>$ 2.068.-<\/td>\n<\/tr>\n<tr>\n<th scope=\"row\">16.<\/th>\n<td>Certificado de Antecedentes<\/td>\n<td>$ 1.050.-<\/td>\n<\/tr>\n<tr>\n<th scope=\"row\">17.<\/th>\n<td>Control Adulto Mayor Lic. Prof. Y No Prof.<\/td>\n<td>$ 13.456-<\/td>\n<\/tr>\n<tr>\n<th scope=\"row\">18.<\/th>\n<td>Dos o mas Licencias No Profesional<\/td>\n<td>$ 75.487.-<\/td>\n<\/tr>\n<tr>\n<th scope=\"row\">19.<\/th>\n<td>Dos o mas Licencias Profesional<\/td>\n<td>$ 75.487.-<\/td>\n<\/tr>\n<tr>\n<th scope=\"row\">20.<\/th>\n<td>Cambio de Nombre y\/o Apellido<\/td>\n<td>$ 12.406.-<\/td>\n<\/tr>\n<\/tbody>\n<\/table>\n\n\n<div style=\"height:100px\" aria-hidden=\"true\" class=\"wp-block-spacer\"><\/div>\n","protected":false},"excerpt":{"rendered":"<p>\u2705&nbsp;Informaci\u00f3n Importante \u2013 Direcci\u00f3n de Tr\u00e1nsito y Transporte P\u00fablico La Direcci\u00f3n de Tr\u00e1nsito y Transporte P\u00fablico tiene como objetivo el poder entregar a la comunidad una oferta que responda de manera eficaz a sus requerimientos relacionados con la materia. Lo anterior supone una gesti\u00f3n de servicios (licencias de conducir, permisos de circulaci\u00f3n), estudios y proyectos [&hellip;]<\/p>\n","protected":false},"author":1,"featured_media":0,"parent":0,"menu_order":0,"comment_status":"closed","ping_status":"closed","template":"","meta":{"footnotes":""},"class_list":["post-9192","page","type-page","status-publish"],"yoast_head":"<!-- This site is optimized with the Yoast SEO plugin v27.3 - https:\/\/yoast.com\/product\/yoast-seo-wordpress\/ -->\n<title>Ilustre Municipalidad de Talca<\/title>\n<meta name=\"robots\" content=\"index, follow, max-snippet:-1, max-image-preview:large, max-video-preview:-1\" \/>\n<link rel=\"canonical\" href=\"https:\/\/www.talca.cl\/?page_id=9192\" \/>\n<meta property=\"og:locale\" content=\"es_ES\" \/>\n<meta property=\"og:type\" content=\"article\" \/>\n<meta property=\"og:title\" content=\"Ilustre Municipalidad de Talca\" \/>\n<meta property=\"og:description\" content=\"\u2705&nbsp;Informaci\u00f3n Importante \u2013 Direcci\u00f3n de Tr\u00e1nsito y Transporte P\u00fablico La Direcci\u00f3n de Tr\u00e1nsito y Transporte P\u00fablico tiene como objetivo el poder entregar a la comunidad una oferta que responda de manera eficaz a sus requerimientos relacionados con la materia. Lo anterior supone una gesti\u00f3n de servicios (licencias de conducir, permisos de circulaci\u00f3n), estudios y proyectos [&hellip;]\" \/>\n<meta property=\"og:url\" content=\"https:\/\/www.talca.cl\/?page_id=9192\" \/>\n<meta property=\"og:site_name\" content=\"Ilustre Municipalidad de Talca\" \/>\n<meta property=\"article:modified_time\" content=\"2025-08-07T21:08:55+00:00\" \/>\n<meta name=\"twitter:card\" content=\"summary_large_image\" \/>\n<meta name=\"twitter:label1\" content=\"Est. reading time\" \/>\n\t<meta name=\"twitter:data1\" content=\"3 minutos\" \/>\n<script type=\"application\/ld+json\" class=\"yoast-schema-graph\">{\"@context\":\"https:\\\/\\\/schema.org\",\"@graph\":[{\"@type\":\"WebPage\",\"@id\":\"https:\\\/\\\/www.talca.cl\\\/?page_id=9192\",\"url\":\"https:\\\/\\\/www.talca.cl\\\/?page_id=9192\",\"name\":\"Ilustre Municipalidad de Talca\",\"isPartOf\":{\"@id\":\"https:\\\/\\\/www.talca.cl\\\/#website\"},\"datePublished\":\"2016-06-11T18:44:11+00:00\",\"dateModified\":\"2025-08-07T21:08:55+00:00\",\"breadcrumb\":{\"@id\":\"https:\\\/\\\/www.talca.cl\\\/?page_id=9192#breadcrumb\"},\"inLanguage\":\"es\",\"potentialAction\":[{\"@type\":\"ReadAction\",\"target\":[\"https:\\\/\\\/www.talca.cl\\\/?page_id=9192\"]}]},{\"@type\":\"BreadcrumbList\",\"@id\":\"https:\\\/\\\/www.talca.cl\\\/?page_id=9192#breadcrumb\",\"itemListElement\":[{\"@type\":\"ListItem\",\"position\":1,\"name\":\"Home\",\"item\":\"https:\\\/\\\/www.talca.cl\\\/\"},{\"@type\":\"ListItem\",\"position\":2,\"name\":\"Direcci\u00f3n de Tr\u00e1nsito\"}]},{\"@type\":\"WebSite\",\"@id\":\"https:\\\/\\\/www.talca.cl\\\/#website\",\"url\":\"https:\\\/\\\/www.talca.cl\\\/\",\"name\":\"Ilustre Municipalidad de Talca\",\"description\":\"Ilustre Municipalidad de Talca, Talca, Municipalidad, 7\u00aa regi\u00f3n,  septima region, juan carlos diaz, jcd, avenda\u00f1o, piduco, maule,  talca chile\",\"potentialAction\":[{\"@type\":\"SearchAction\",\"target\":{\"@type\":\"EntryPoint\",\"urlTemplate\":\"https:\\\/\\\/www.talca.cl\\\/?s={search_term_string}\"},\"query-input\":{\"@type\":\"PropertyValueSpecification\",\"valueRequired\":true,\"valueName\":\"search_term_string\"}}],\"inLanguage\":\"es\"}]}<\/script>\n<!-- \/ Yoast SEO plugin. -->","yoast_head_json":{"title":"Ilustre Municipalidad de Talca","robots":{"index":"index","follow":"follow","max-snippet":"max-snippet:-1","max-image-preview":"max-image-preview:large","max-video-preview":"max-video-preview:-1"},"canonical":"https:\/\/www.talca.cl\/?page_id=9192","og_locale":"es_ES","og_type":"article","og_title":"Ilustre Municipalidad de Talca","og_description":"\u2705&nbsp;Informaci\u00f3n Importante \u2013 Direcci\u00f3n de Tr\u00e1nsito y Transporte P\u00fablico La Direcci\u00f3n de Tr\u00e1nsito y Transporte P\u00fablico tiene como objetivo el poder entregar a la comunidad una oferta que responda de manera eficaz a sus requerimientos relacionados con la materia. Lo anterior supone una gesti\u00f3n de servicios (licencias de conducir, permisos de circulaci\u00f3n), estudios y proyectos [&hellip;]","og_url":"https:\/\/www.talca.cl\/?page_id=9192","og_site_name":"Ilustre Municipalidad de Talca","article_modified_time":"2025-08-07T21:08:55+00:00","twitter_card":"summary_large_image","twitter_misc":{"Est. reading time":"3 minutos"},"schema":{"@context":"https:\/\/schema.org","@graph":[{"@type":"WebPage","@id":"https:\/\/www.talca.cl\/?page_id=9192","url":"https:\/\/www.talca.cl\/?page_id=9192","name":"Ilustre Municipalidad de Talca","isPartOf":{"@id":"https:\/\/www.talca.cl\/#website"},"datePublished":"2016-06-11T18:44:11+00:00","dateModified":"2025-08-07T21:08:55+00:00","breadcrumb":{"@id":"https:\/\/www.talca.cl\/?page_id=9192#breadcrumb"},"inLanguage":"es","potentialAction":[{"@type":"ReadAction","target":["https:\/\/www.talca.cl\/?page_id=9192"]}]},{"@type":"BreadcrumbList","@id":"https:\/\/www.talca.cl\/?page_id=9192#breadcrumb","itemListElement":[{"@type":"ListItem","position":1,"name":"Home","item":"https:\/\/www.talca.cl\/"},{"@type":"ListItem","position":2,"name":"Direcci\u00f3n de Tr\u00e1nsito"}]},{"@type":"WebSite","@id":"https:\/\/www.talca.cl\/#website","url":"https:\/\/www.talca.cl\/","name":"Ilustre Municipalidad de Talca","description":"Ilustre Municipalidad de Talca, Talca, Municipalidad, 7\u00aa regi\u00f3n,  septima region, juan carlos diaz, jcd, avenda\u00f1o, piduco, maule,  talca chile","potentialAction":[{"@type":"SearchAction","target":{"@type":"EntryPoint","urlTemplate":"https:\/\/www.talca.cl\/?s={search_term_string}"},"query-input":{"@type":"PropertyValueSpecification","valueRequired":true,"valueName":"search_term_string"}}],"inLanguage":"es"}]}},"_links":{"self":[{"href":"https:\/\/www.talca.cl\/index.php?rest_route=\/wp\/v2\/pages\/9192","targetHints":{"allow":["GET"]}}],"collection":[{"href":"https:\/\/www.talca.cl\/index.php?rest_route=\/wp\/v2\/pages"}],"about":[{"href":"https:\/\/www.talca.cl\/index.php?rest_route=\/wp\/v2\/types\/page"}],"author":[{"embeddable":true,"href":"https:\/\/www.talca.cl\/index.php?rest_route=\/wp\/v2\/users\/1"}],"replies":[{"embeddable":true,"href":"https:\/\/www.talca.cl\/index.php?rest_route=%2Fwp%2Fv2%2Fcomments&post=9192"}],"version-history":[{"count":132,"href":"https:\/\/www.talca.cl\/index.php?rest_route=\/wp\/v2\/pages\/9192\/revisions"}],"predecessor-version":[{"id":25788,"href":"https:\/\/www.talca.cl\/index.php?rest_route=\/wp\/v2\/pages\/9192\/revisions\/25788"}],"wp:attachment":[{"href":"https:\/\/www.talca.cl\/index.php?rest_route=%2Fwp%2Fv2%2Fmedia&parent=9192"}],"curies":[{"name":"wp","href":"https:\/\/api.w.org\/{rel}","templated":true}]}}