{"id":9195,"date":"2016-06-11T17:31:01","date_gmt":"2016-06-11T21:31:01","guid":{"rendered":"http:\/\/www.talca.cl\/?page_id=34"},"modified":"2016-06-11T17:31:01","modified_gmt":"2016-06-11T21:31:01","slug":"servicios-generales","status":"publish","type":"page","link":"https:\/\/www.talca.cl\/?page_id=9195","title":{"rendered":"Servicios Generales"},"content":{"rendered":"<p><strong>Patentes Comerciales<\/strong><\/p>\n<p>Para obtenerla se requiere del cumplimiento de cuatro condiciones: uso de suelo, iniciaci\u00f3n de actividades (por parte del Servicio de Impuestos Internos), declaraci\u00f3n notarial y fotocopia de carn\u00e9 de identidad o rol \u00fanico tributario en caso del que solicitante sea una persona jur\u00eddica. Los requerimientos espec\u00edficos adicionales para cada patente son: Patente comercial: en el caso de comercializar alimentos, debe tener el certificado de Sanidad, emitido por el Servicio de Salud correspondiente. Patente industrial: certificado de calificaci\u00f3n de actividad econ\u00f3mica. Patente profesional: fotocopia legalizada del t\u00edtulo profesional. Patente de Alcoholes: Resoluci\u00f3n sanitaria, contrato de arrendamiento o escritura de propiedad, declaraci\u00f3n notarial seg\u00fan el art\u00edculo 4 de la Ley 19.925, certificado de antecedentes y carta de opini\u00f3n de la Junta de Vecinos donde estar\u00e1 ubicada la patente. En el mismo departamento se realizan adem\u00e1s la declaraci\u00f3n de capital, cambio de nombre, ampliaci\u00f3n de giro, anulaci\u00f3n de patente y cambio de ubicaci\u00f3n. El pago de las patentes comerciales puede se realiza en las ventanillas de Tesorer\u00eda Municipal o por Internet.<\/p>\n<p><strong>Pago de Aseo Domiciliario<\/strong><\/p>\n<p>Deben cancelar derechos de aseo:<\/p>\n<p>Todas las viviendas que tengan un aval\u00fao fiscal superior a 225 UTM, pagan directamente en el Municipio.<\/p>\n<p>Las viviendas que paguen contribuciones, no estar\u00e1n exentas del pago, sin embargo el derecho de aseo estar\u00e1 incluido en la cancelaci\u00f3n de este impuesto.Las patentes comerciales no estar\u00e1n exentas del pago, no obstante su valor estar\u00e1 incluido en la cancelaci\u00f3n de la misma patente.La Municipalidad de Talca establece 4 cuotas para el pago de aseo domiciliario los d\u00edas distribuidas en los d\u00edas 1 de abril, 2 de junio, 3 de septiembre y 4 noviembre.<\/p>\n<p><strong>\u00bfQui\u00e9nes quedan exentos del pago de aseo domiciliario?<\/strong><\/p>\n<p>Las viviendas con aval\u00fao fiscal menor a 225 UTM.<\/p>\n<p>Quienes acrediten situaci\u00f3n econ\u00f3mica deficiente a trav\u00e9s de la Ficha de Protecci\u00f3n Social, petici\u00f3n que se realiza en el Departamento Social del Municipio.<\/p>\n<p><strong>Servicios Municipales<\/strong><\/p>\n<ul>\n<li>Poda<\/li>\n<li>Fumigaciones<\/li>\n<li>Retiro de escombros<\/li>\n<li>Retiro de basura<\/li>\n<li>Alumbrado p\u00fablico<\/li>\n<\/ul>\n<p><strong>Certificados de Direcci\u00f3n de Obras<\/strong><\/p>\n<ul>\n<li>Certificados de deslindes<\/li>\n<li>Certificados de urbanizaci\u00f3n<\/li>\n<li>Informes previos<\/li>\n<\/ul>\n<p>&nbsp;<\/p>\n","protected":false},"excerpt":{"rendered":"<p>Patentes Comerciales Para obtenerla se requiere del cumplimiento de cuatro condiciones: uso de suelo, iniciaci\u00f3n de actividades (por parte del Servicio de Impuestos Internos), declaraci\u00f3n notarial y fotocopia de carn\u00e9 de identidad o rol \u00fanico tributario en caso del que solicitante sea una persona jur\u00eddica. Los requerimientos espec\u00edficos adicionales para cada patente son: Patente comercial: [&hellip;]<\/p>\n","protected":false},"author":1,"featured_media":0,"parent":0,"menu_order":0,"comment_status":"closed","ping_status":"open","template":"","meta":{"footnotes":""},"class_list":["post-9195","page","type-page","status-publish"],"yoast_head":"<!-- This site is optimized with the Yoast SEO plugin v27.3 - https:\/\/yoast.com\/product\/yoast-seo-wordpress\/ -->\n<title>Ilustre Municipalidad de Talca<\/title>\n<meta name=\"robots\" content=\"index, follow, max-snippet:-1, max-image-preview:large, max-video-preview:-1\" \/>\n<link rel=\"canonical\" href=\"https:\/\/www.talca.cl\/?page_id=9195\" \/>\n<meta property=\"og:locale\" content=\"es_ES\" \/>\n<meta property=\"og:type\" content=\"article\" \/>\n<meta property=\"og:title\" content=\"Ilustre Municipalidad de Talca\" \/>\n<meta property=\"og:description\" content=\"Patentes Comerciales Para obtenerla se requiere del cumplimiento de cuatro condiciones: uso de suelo, iniciaci\u00f3n de actividades (por parte del Servicio de Impuestos Internos), declaraci\u00f3n notarial y fotocopia de carn\u00e9 de identidad o rol \u00fanico tributario en caso del que solicitante sea una persona jur\u00eddica. Los requerimientos espec\u00edficos adicionales para cada patente son: Patente comercial: [&hellip;]\" \/>\n<meta property=\"og:url\" content=\"https:\/\/www.talca.cl\/?page_id=9195\" \/>\n<meta property=\"og:site_name\" content=\"Ilustre Municipalidad de Talca\" \/>\n<meta name=\"twitter:card\" content=\"summary_large_image\" \/>\n<meta name=\"twitter:label1\" content=\"Est. reading time\" \/>\n\t<meta name=\"twitter:data1\" content=\"2 minutos\" \/>\n<script type=\"application\/ld+json\" class=\"yoast-schema-graph\">{\"@context\":\"https:\\\/\\\/schema.org\",\"@graph\":[{\"@type\":\"WebPage\",\"@id\":\"https:\\\/\\\/www.talca.cl\\\/?page_id=9195\",\"url\":\"https:\\\/\\\/www.talca.cl\\\/?page_id=9195\",\"name\":\"Ilustre Municipalidad de Talca\",\"isPartOf\":{\"@id\":\"https:\\\/\\\/www.talca.cl\\\/#website\"},\"datePublished\":\"2016-06-11T21:31:01+00:00\",\"breadcrumb\":{\"@id\":\"https:\\\/\\\/www.talca.cl\\\/?page_id=9195#breadcrumb\"},\"inLanguage\":\"es\",\"potentialAction\":[{\"@type\":\"ReadAction\",\"target\":[\"https:\\\/\\\/www.talca.cl\\\/?page_id=9195\"]}]},{\"@type\":\"BreadcrumbList\",\"@id\":\"https:\\\/\\\/www.talca.cl\\\/?page_id=9195#breadcrumb\",\"itemListElement\":[{\"@type\":\"ListItem\",\"position\":1,\"name\":\"Home\",\"item\":\"https:\\\/\\\/www.talca.cl\\\/\"},{\"@type\":\"ListItem\",\"position\":2,\"name\":\"Servicios Generales\"}]},{\"@type\":\"WebSite\",\"@id\":\"https:\\\/\\\/www.talca.cl\\\/#website\",\"url\":\"https:\\\/\\\/www.talca.cl\\\/\",\"name\":\"Ilustre Municipalidad de Talca\",\"description\":\"Ilustre Municipalidad de Talca, Talca, Municipalidad, 7\u00aa regi\u00f3n,  septima region, juan carlos diaz, jcd, avenda\u00f1o, piduco, maule,  talca chile\",\"potentialAction\":[{\"@type\":\"SearchAction\",\"target\":{\"@type\":\"EntryPoint\",\"urlTemplate\":\"https:\\\/\\\/www.talca.cl\\\/?s={search_term_string}\"},\"query-input\":{\"@type\":\"PropertyValueSpecification\",\"valueRequired\":true,\"valueName\":\"search_term_string\"}}],\"inLanguage\":\"es\"}]}<\/script>\n<!-- \/ Yoast SEO plugin. -->","yoast_head_json":{"title":"Ilustre Municipalidad de Talca","robots":{"index":"index","follow":"follow","max-snippet":"max-snippet:-1","max-image-preview":"max-image-preview:large","max-video-preview":"max-video-preview:-1"},"canonical":"https:\/\/www.talca.cl\/?page_id=9195","og_locale":"es_ES","og_type":"article","og_title":"Ilustre Municipalidad de Talca","og_description":"Patentes Comerciales Para obtenerla se requiere del cumplimiento de cuatro condiciones: uso de suelo, iniciaci\u00f3n de actividades (por parte del Servicio de Impuestos Internos), declaraci\u00f3n notarial y fotocopia de carn\u00e9 de identidad o rol \u00fanico tributario en caso del que solicitante sea una persona jur\u00eddica. Los requerimientos espec\u00edficos adicionales para cada patente son: Patente comercial: [&hellip;]","og_url":"https:\/\/www.talca.cl\/?page_id=9195","og_site_name":"Ilustre Municipalidad de Talca","twitter_card":"summary_large_image","twitter_misc":{"Est. reading time":"2 minutos"},"schema":{"@context":"https:\/\/schema.org","@graph":[{"@type":"WebPage","@id":"https:\/\/www.talca.cl\/?page_id=9195","url":"https:\/\/www.talca.cl\/?page_id=9195","name":"Ilustre Municipalidad de Talca","isPartOf":{"@id":"https:\/\/www.talca.cl\/#website"},"datePublished":"2016-06-11T21:31:01+00:00","breadcrumb":{"@id":"https:\/\/www.talca.cl\/?page_id=9195#breadcrumb"},"inLanguage":"es","potentialAction":[{"@type":"ReadAction","target":["https:\/\/www.talca.cl\/?page_id=9195"]}]},{"@type":"BreadcrumbList","@id":"https:\/\/www.talca.cl\/?page_id=9195#breadcrumb","itemListElement":[{"@type":"ListItem","position":1,"name":"Home","item":"https:\/\/www.talca.cl\/"},{"@type":"ListItem","position":2,"name":"Servicios Generales"}]},{"@type":"WebSite","@id":"https:\/\/www.talca.cl\/#website","url":"https:\/\/www.talca.cl\/","name":"Ilustre Municipalidad de Talca","description":"Ilustre Municipalidad de Talca, Talca, Municipalidad, 7\u00aa regi\u00f3n,  septima region, juan carlos diaz, jcd, avenda\u00f1o, piduco, maule,  talca chile","potentialAction":[{"@type":"SearchAction","target":{"@type":"EntryPoint","urlTemplate":"https:\/\/www.talca.cl\/?s={search_term_string}"},"query-input":{"@type":"PropertyValueSpecification","valueRequired":true,"valueName":"search_term_string"}}],"inLanguage":"es"}]}},"_links":{"self":[{"href":"https:\/\/www.talca.cl\/index.php?rest_route=\/wp\/v2\/pages\/9195","targetHints":{"allow":["GET"]}}],"collection":[{"href":"https:\/\/www.talca.cl\/index.php?rest_route=\/wp\/v2\/pages"}],"about":[{"href":"https:\/\/www.talca.cl\/index.php?rest_route=\/wp\/v2\/types\/page"}],"author":[{"embeddable":true,"href":"https:\/\/www.talca.cl\/index.php?rest_route=\/wp\/v2\/users\/1"}],"replies":[{"embeddable":true,"href":"https:\/\/www.talca.cl\/index.php?rest_route=%2Fwp%2Fv2%2Fcomments&post=9195"}],"version-history":[{"count":0,"href":"https:\/\/www.talca.cl\/index.php?rest_route=\/wp\/v2\/pages\/9195\/revisions"}],"wp:attachment":[{"href":"https:\/\/www.talca.cl\/index.php?rest_route=%2Fwp%2Fv2%2Fmedia&parent=9195"}],"curies":[{"name":"wp","href":"https:\/\/api.w.org\/{rel}","templated":true}]}}